{"id":13028,"date":"2026-01-08T14:00:56","date_gmt":"2026-01-08T14:00:56","guid":{"rendered":"https:\/\/nvas.sk\/?post_type=tribe_events&#038;p=13028"},"modified":"2026-02-18T07:47:10","modified_gmt":"2026-02-18T07:47:10","slug":"decarbon-copenhagen-2026","status":"publish","type":"tribe_events","link":"https:\/\/nvas.sk\/en\/event\/decarbon-copenhagen-2026\/","title":{"rendered":"DeCarbon Copenhagen 2026"},"content":{"rendered":"<div  class=\"tribe-events-schedule tribe-clearfix\" >\n\t<p class=\"tribe-events-schedule__datetime\">\n\t\t<span class=\"tribe-events-schedule__date tribe-events-schedule__date--start\">\n\t\t\tFebruary 24\t\t<\/span>\n\n\t\t\n\t\t\t\t\t\t\t\t\t<span class=\"tribe-events-schedule__separator tribe-events-schedule__separator--time\">\n\t\t\t\t\t &#8211; \t\t\t\t<\/span>\n\t\t\t\n\t\t\t\t\t\t\t<span class=\"tribe-events-schedule__date tribe-events-schedule__date--end\">\n\t\t\t\t\tFebruary 26\t\t\t\t<\/span>\n\n\t\t\t\t\n\t\t\t\n\t\t\t\t\t\t<\/p>\n<\/div>\n\n\n<div class=\"wp-block-image\">\n<figure class=\"aligncenter size-full is-resized\"><img loading=\"lazy\" decoding=\"async\" width=\"740\" height=\"333\" src=\"https:\/\/nvas.sk\/wp-content\/uploads\/2026\/01\/DeCarbon-Copenhagen-2026.jpg\" alt=\"\" class=\"wp-image-13029\" style=\"width:500px\" srcset=\"https:\/\/nvas.sk\/wp-content\/uploads\/2026\/01\/DeCarbon-Copenhagen-2026.jpg 740w, https:\/\/nvas.sk\/wp-content\/uploads\/2026\/01\/DeCarbon-Copenhagen-2026-300x135.jpg 300w, https:\/\/nvas.sk\/wp-content\/uploads\/2026\/01\/DeCarbon-Copenhagen-2026-18x8.jpg 18w, https:\/\/nvas.sk\/wp-content\/uploads\/2026\/01\/DeCarbon-Copenhagen-2026-150x68.jpg 150w, https:\/\/nvas.sk\/wp-content\/uploads\/2026\/01\/DeCarbon-Copenhagen-2026-480x216.jpg 480w\" sizes=\"auto, (max-width:767px) 480px, 740px\" \/><\/figure>\n<\/div>\n\n\n<p><\/p>\n\n\n\n<p><strong>DeCarbon Copenhagen 2026 zdru\u017e\u00ed glob\u00e1lnych l\u00eddrov v oblasti obchodu s biomasou, n\u00edzkouhl\u00edkovej energie, udr\u017eate\u013enosti d\u00e1tov\u00fdch centier a r\u00fdchlo sa rozv\u00edjaj\u00facej oblasti odstra\u0148ovania uhl\u00edka.<\/strong><\/p>\n\n\n\n<p>Tento summit typu 2 v 1 sp\u00e1ja 9. ro\u010dn\u00edk konferencie <strong>Biomass Trade &amp; Power Europe <\/strong>a podujatie <strong>CarbonSmart Digital Futures<\/strong>, ktor\u00e9 pon\u00fakaj\u00fa dve samostatn\u00e9 konferen\u010dn\u00e9 l\u00ednie a spolo\u010dn\u00fa networkingov\u00fa platformu.<\/p>\n\n\n\n<p>Program je plynulo prepojen\u00fd.<\/p>\n\n\n\n<p><strong>24. &#8211; 25. febru\u00e1ra<\/strong> sa uskuto\u010dn\u00ed 9. ro\u010dn\u00edk <strong>Biomass Trade &amp; Power Europe<\/strong> so zameran\u00edm na dod\u00e1vate\u013esk\u00e9 re\u0165azce biomasy, obchodn\u00e9 toky a \u00falohu bioenergie v meniacej sa energetickej s\u00fastave Eur\u00f3py.<\/p>\n\n\n\n<p><strong>25. &#8211; 26. febru\u00e1ra<\/strong> prebehne <strong>CarbonSmart Digital Futures<\/strong>, ktor\u00fd sa zameria na prienik umelej inteligencie, d\u00e1tov\u00fdch centier, n\u00edzkouhl\u00edkovej a obnovite\u013enej energetiky, digit\u00e1lnych uhl\u00edkov\u00fdch trhov a \u0161k\u00e1lovania rie\u0161en\u00ed na odstra\u0148ovanie uhl\u00edka.<\/p>\n\n\n\n<p><strong>Od popoludnia 25. febru\u00e1ra<\/strong> sa oba programy <strong>prep\u00e1jaj\u00fa<\/strong>, \u010d\u00edm vznik\u00e1 jedine\u010dn\u00e1 pr\u00edle\u017eitos\u0165 pre akt\u00e9rov v oblasti biomasy, energetick\u00e9 spolo\u010dnosti, hyperscalerov a prev\u00e1dzkovate\u013eov d\u00e1tov\u00fdch centier, technologick\u00fdch inov\u00e1torov a investorov do CDR vies\u0165 medziodvetvov\u00e9 diskusie a z\u00fa\u010dastni\u0165 sa spolo\u010dn\u00e9ho networkingov\u00e9ho koktailov\u00e9ho stretnutia.<\/p>\n\n\n\n<p><strong>\u010clenovia NVAS maj\u00fa mo\u017enos\u0165 vyu\u017ei\u0165 z\u013eavu zo vstupn\u00e9ho poplatku.<\/strong><\/p>\n\n\n\n<p><a href=\"https:\/\/cmtevents.com\/main.aspx?ev=260203&amp;pu=311763\"><strong><mark style=\"background-color:rgba(0, 0, 0, 0);color:#0d9034\" class=\"has-inline-color\">Viac na str\u00e1nke podujatia.<\/mark><\/strong><\/a><\/p>\n\n\n<div  class=\"tribe-block tribe-block__venue tribe-clearfix tribe-block__venue--has-map\" >\n\t\n\t\n<div class=\"tribe-block__venue__meta\">\n\t<div class=\"tribe-block__venue__name\">\n\t\t<h3>Koda\u0148, D\u00e1nsko<\/h3>\n\t<\/div>\n\n\t\n\t\t\t\n\t\t\n\t\t\t\n\t<\/div>\n\t\n\t<\/div>","protected":false},"excerpt":{"rendered":"<p>DeCarbon Copenhagen 2026 zdru\u017e\u00ed glob\u00e1lnych l\u00eddrov v oblasti obchodu s biomasou, n\u00edzkouhl\u00edkovej energie, udr\u017eate\u013enosti d\u00e1tov\u00fdch centier a r\u00fdchlo sa rozv\u00edjaj\u00facej<span class=\"excerpt-hellip\"> [\u2026]<\/span><\/p>\n","protected":false},"author":8,"featured_media":13029,"template":"","meta":{"_EventAllDay":true,"_EventTimezone":"UTC+0","_EventStartDate":"2026-02-24 00:00:00","_EventEndDate":"2026-02-26 23:59:59","_EventStartDateUTC":"2026-02-24 00:00:00","_EventEndDateUTC":"2026-02-26 23:59:59","_EventShowMap":false,"_EventShowMapLink":false,"_EventURL":"","_EventCost":"","_EventCostDescription":"","_EventCurrencySymbol":"\u20ac","_EventCurrencyCode":"EUR","_EventCurrencyPosition":"prefix","_EventDateTimeSeparator":" @ ","_EventTimeRangeSeparator":" - ","_EventOrganizerID":[],"_EventVenueID":[9736],"_OrganizerEmail":"","_OrganizerPhone":"","_OrganizerWebsite":"","_VenueAddress":"","_VenueCity":"","_VenueCountry":"","_VenueProvince":"","_VenueState":"","_VenueZip":"","_VenuePhone":"","_VenueURL":"","_VenueStateProvince":"","_VenueLat":"","_VenueLng":"","_VenueShowMap":false,"_VenueShowMapLink":false,"_tribe_events_status":"","_tribe_events_status_reason":"","footnotes":""},"tags":[],"tribe_events_cat":[],"class_list":["post-13028","tribe_events","type-tribe_events","status-publish","has-post-thumbnail","hentry"],"_links":{"self":[{"href":"https:\/\/nvas.sk\/en\/wp-json\/wp\/v2\/tribe_events\/13028","targetHints":{"allow":["GET"]}}],"collection":[{"href":"https:\/\/nvas.sk\/en\/wp-json\/wp\/v2\/tribe_events"}],"about":[{"href":"https:\/\/nvas.sk\/en\/wp-json\/wp\/v2\/types\/tribe_events"}],"author":[{"embeddable":true,"href":"https:\/\/nvas.sk\/en\/wp-json\/wp\/v2\/users\/8"}],"version-history":[{"count":3,"href":"https:\/\/nvas.sk\/en\/wp-json\/wp\/v2\/tribe_events\/13028\/revisions"}],"predecessor-version":[{"id":13173,"href":"https:\/\/nvas.sk\/en\/wp-json\/wp\/v2\/tribe_events\/13028\/revisions\/13173"}],"wp:featuredmedia":[{"embeddable":true,"href":"https:\/\/nvas.sk\/en\/wp-json\/wp\/v2\/media\/13029"}],"wp:attachment":[{"href":"https:\/\/nvas.sk\/en\/wp-json\/wp\/v2\/media?parent=13028"}],"wp:term":[{"taxonomy":"post_tag","embeddable":true,"href":"https:\/\/nvas.sk\/en\/wp-json\/wp\/v2\/tags?post=13028"},{"taxonomy":"tribe_events_cat","embeddable":true,"href":"https:\/\/nvas.sk\/en\/wp-json\/wp\/v2\/tribe_events_cat?post=13028"}],"curies":[{"name":"wp","href":"https:\/\/api.w.org\/{rel}","templated":true}]}}

<div  class="tribe-events-schedule tribe-clearfix" >
	<p class="tribe-events-schedule__datetime">
		<span class="tribe-events-schedule__date tribe-events-schedule__date--start">
			February 24		</span>

		
									<span class="tribe-events-schedule__separator tribe-events-schedule__separator--time">
					 &#8211; 				</span>
			
							<span class="tribe-events-schedule__date tribe-events-schedule__date--end">
					February 26				</span>

				
			
						</p>
</div>


<div class="wp-block-image">
<figure class="aligncenter size-full is-resized"><img loading="lazy" decoding="async" width="740" height="333" src="https://nvas.sk/wp-content/uploads/2026/01/DeCarbon-Copenhagen-2026.jpg" alt="" class="wp-image-13029" style="width:500px" srcset="https://nvas.sk/wp-content/uploads/2026/01/DeCarbon-Copenhagen-2026.jpg 740w, https://nvas.sk/wp-content/uploads/2026/01/DeCarbon-Copenhagen-2026-300x135.jpg 300w, https://nvas.sk/wp-content/uploads/2026/01/DeCarbon-Copenhagen-2026-18x8.jpg 18w, https://nvas.sk/wp-content/uploads/2026/01/DeCarbon-Copenhagen-2026-150x68.jpg 150w, https://nvas.sk/wp-content/uploads/2026/01/DeCarbon-Copenhagen-2026-480x216.jpg 480w" sizes="auto, (max-width:767px) 480px, 740px" /></figure>
</div>


<p></p>



<p><strong>DeCarbon Copenhagen 2026 združí globálnych lídrov v oblasti obchodu s biomasou, nízkouhlíkovej energie, udržateľnosti dátových centier a rýchlo sa rozvíjajúcej oblasti odstraňovania uhlíka.</strong></p>



<p>Tento summit typu 2 v 1 spája 9. ročník konferencie <strong>Biomass Trade &amp; Power Europe </strong>a podujatie <strong>CarbonSmart Digital Futures</strong>, ktoré ponúkajú dve samostatné konferenčné línie a spoločnú networkingovú platformu.</p>



<p>Program je plynulo prepojený.</p>



<p><strong>24. &#8211; 25. februára</strong> sa uskutoční 9. ročník <strong>Biomass Trade &amp; Power Europe</strong> so zameraním na dodávateľské reťazce biomasy, obchodné toky a úlohu bioenergie v meniacej sa energetickej sústave Európy.</p>



<p><strong>25. &#8211; 26. februára</strong> prebehne <strong>CarbonSmart Digital Futures</strong>, ktorý sa zameria na prienik umelej inteligencie, dátových centier, nízkouhlíkovej a obnoviteľnej energetiky, digitálnych uhlíkových trhov a škálovania riešení na odstraňovanie uhlíka.</p>



<p><strong>Od popoludnia 25. februára</strong> sa oba programy <strong>prepájajú</strong>, čím vzniká jedinečná príležitosť pre aktérov v oblasti biomasy, energetické spoločnosti, hyperscalerov a prevádzkovateľov dátových centier, technologických inovátorov a investorov do CDR viesť medziodvetvové diskusie a zúčastniť sa spoločného networkingového koktailového stretnutia.</p>



<p><strong>Členovia NVAS majú možnosť využiť zľavu zo vstupného poplatku.</strong></p>



<p><a href="https://cmtevents.com/main.aspx?ev=260203&amp;pu=311763"><strong><mark style="background-color:rgba(0, 0, 0, 0);color:#0d9034" class="has-inline-color">Viac na stránke podujatia.</mark></strong></a></p>


<div  class="tribe-block tribe-block__venue tribe-clearfix tribe-block__venue--has-map" >
	
	
<div class="tribe-block__venue__meta">
	<div class="tribe-block__venue__name">
		<h3>Kodaň, Dánsko</h3>
	</div>

	
			
		
			
	</div>
	
	</div>

<p>DeCarbon Copenhagen 2026 združí globálnych lídrov v oblasti obchodu s biomasou, nízkouhlíkovej energie, udržateľnosti dátových centier a rýchlo sa rozvíjajúcej<span class="excerpt-hellip"> […]</span></p>
